
What is the millions digit of 1240266?
1
What is the tens digit of 4557516?
1
What is the millions digit of 16806811?
6
What is the tens digit of 261283?
8
What is the tens digit of 10037695?
9
What is the hundreds digit of 36072424?
4
What is the hundred thousands digit of 8537763?
5
What is the tens digit of 660947?
4
What is the hundreds digit of 474454?
4
What is the units digit of 93890?
0
What is the hundred thousands digit of 493988?
4
What is the tens digit of 1829701?
0
What is the hundreds digit of 43384?
3
What is the tens digit of 1906227?
2
What is the millions digit of 13996830?
3
What is the ten millions digit of 10922443?
1
What is the hundred thousands digit of 7590174?
5
What is the ten thousands digit of 589922?
8
What is the hundreds digit of 10787350?
3
What is the units digit of 60090?
0
What is the ten millions digit of 17877445?
1
What is the ten thousands digit of 836614?
3
What is the thousands digit of 1687367?
7
What is the thousands digit of 20140481?
0
What is the units digit of 209700?
0
What is the units digit of 11739680?
0
What is the hundred thousands digit of 1128496?
1
What is the units digit of 142231?
1
What is the hundreds digit of 586253?
2
What is the units digit of 312861?
1
What is the ten thousands digit of 239687?
3
What is the units digit of 188095?
5
What is the thousands digit of 17098647?
8
What is the hundred thousands digit of 170230?
1
What is the units digit of 2986183?
3
What is the millions digit of 16962431?
6
What is the units digit of 174693?
3
What is the tens digit of 10319598?
9
What is the hundreds digit of 760377?
3
What is the tens digit of 363698?
9
What is the millions digit of 1210275?
1
What is the units digit of 589625?
5
What is the units digit of 4211456?
6
What is the ten thousands digit of 8322585?
2
What is the thousands digit of 657702?
7
What is the hundred thousands digit of 14047136?
0
What is the hundred thousands digit of 747635?
7
What is the units digit of 33781?
1
What is the ten thousands digit of 421738?
2
What is the units digit of 9426276?
6
What is the units digit of 1620662?
2
What is the hundred thousands digit of 4512167?
5
What is the hundred thousands digit of 201805?
2
What is the thousands digit of 3274415?
4
What is the units digit of 697337?
7
What is the tens digit of 912144?
4
What is the ten thousands digit of 1437248?
3
What is the hundreds digit of 11289267?
2
What is the units digit of 3336440?
0
What is the millions digit of 3685422?
3
What is the hundreds digit of 13179899?
8
What is the units digit of 793732?
2
What is the millions digit of 9091554?
9
What is the hundreds digit of 856369?
3
What is the hundred thousands digit of 7358461?
3
What is the hundreds digit of 4240015?
0
What is the tens digit of 393730?
3
What is the thousands digit of 8221280?
1
What is the millions digit of 3538597?
3
What is the tens digit of 1813031?
3
What is the units digit of 334738?
8
What is the ten thousands digit of 677853?
7
What is the hundred thousands digit of 148723?
1
What is the tens digit of 14634050?
5
What is the hundred thousands digit of 120745?
1
What is the tens digit of 7414179?
7
What is the tens digit of 2615641?
4
What is the hundreds digit of 1663236?
2
What is the tens digit of 139578?
7
What is the ten thousands digit of 1353400?
5
What is the ten thousands digit of 4131293?
3
What is the thousands digit of 15724156?
4
What is the thousands digit of 1560322?
0
What is the units digit of 4495715?
5
What is the tens digit of 19830723?
2
What is the hundreds digit of 3134443?
4
What is the units digit of 223575?
5
What is the millions digit of 1453976?
1
What is the units digit of 11759132?
2
What is the tens digit of 510441?
4
What is the units digit of 2011350?
0
What is the hundreds digit of 25136646?
6
What is the tens digit of 11207699?
9
What is the hundred thousands digit of 918363?
9
What is the thousands digit of 621635?
1
What is the thousands digit of 64058?
4
What is the units digit of 328152?
2
What is the thousands digit of 237278?
7
What is the hundred thousands digit of 200659?
2
What is the hundred thousands digit of 230437?
2
What is the units digit of 1005168?
8
What is the ten thousands digit of 20992501?
9
What is the thousands digit of 2241884?
1
What is the millions digit of 15403767?
5
What is the thousands digit of 3109281?
9
What is the units digit of 5771670?
0
What is the ten millions digit of 22928394?
2
What is the hundred thousands digit of 948660?
9
What is the units digit of 73814?
4
What is the ten thousands digit of 14046510?
4
What is the ten thousands digit of 12440581?
4
What is the thousands digit of 692644?
2
What is the ten thousands digit of 297976?
9
What is the hundred thousands digit of 15513081?
5
What is the thousands digit of 28640?
8
What is the hundreds digit of 37786?
7
What is the thousands digit of 2357665?
7
What is the thousands digit of 72121?
2
What is the hundreds digit of 72109?
1
What is the thousands digit of 1160124?
0
What is the thousands digit of 995651?
5
What is the ten thousands digit of 91326?
9
What is the hundred thousands digit of 30705473?
7
What is the hundred thousands digit of 281070?
2
What is the tens digit of 788993?
9
What is the ten thousands digit of 261808?
6
What is the ten thousands digit of 55807?
5
What is the tens digit of 4587921?
2
What is the thousands digit of 143945?
3
What is the thousands digit of 695366?
5
What is the tens digit of 566224?
2
What is the tens digit of 3557458?
5
What is the tens digit of 223?
2
What is the ten thousands digit of 10884936?
8
What is the units digit of 1292166?
6
What is the hundreds digit of 1389658?
6
What is the millions digit of 1348382?
1
What is the hundreds digit of 21554995?
9
What is the ten thousands digit of 8359471?
5
What is the hundred thousands digit of 4345009?
3
What is the ten thousands digit of 247756?
4
What is the ten thousands digit of 1542410?
4
What is the millions digit of 1413791?
1
What is the hundreds digit of 593288?
2
What is the hundreds digit of 3424769?
7
What is the units digit of 7739993?
3
What is the millions digit of 5352831?
5
What is the ten thousands digit of 411204?
1
What is the hundred thousands digit of 171269?
1
What is the thousands digit of 9415118?
5
What is the hundreds digit of 2179057?
0
What is the millions digit of 4699653?
4
What is the millions digit of 12054402?
2
What is the thousands digit of 1486562?
6
What is the ten thousands digit of 826048?
2
What is the thousands digit of 2724069?
4
What is the units digit of 363725?
5
What is the units digit of 39919?
9
What is the tens digit of 198757?
5
What is the hundreds digit of 67043?
0
What is the hundred thousands digit of 287266?
2
What is the tens digit of 1669434?
3
What is the thousands digit of 96558?
6
What is the millions digit of 3093439?
3
What is the thousands digit of 25549?
5
What is the tens digit of 140697?
9
What is the tens digit of 1710299?
9
What is the thousands digit of 620103?
0
What is the tens digit of 30533?
3
What is the hundred thousands digit of 850186?
8
What is the ten thousands digit of 155744?
5
What is the hundreds digit of 629346?
3
What is the tens digit of 358788?
8
What is the tens digit of 1527509?
0
What is the hundred thousands digit of 187081?
1
What is the units digit of 3045361?
1
What is the hundreds digit of 530547?
5
What is the units digit of 854192?
2
What is the units digit of 590648?
8
What is the units digit of 139118?
8
What is the hundreds digit of 154196?
1
What is the ten thousands digit of 382742?
8
What is the hundreds digit of 315761?
7
What is the millions digit of 2596080?
2
What is the thousands digit of 1727970?
7
What is the ten thousands digit of 6803383?
0
What is the ten thousands digit of 23117?
2
What is the tens digit of 8707249?
4
What is the hundred thousands digit of 405720?
4
What is the thousands digit of 34786?
4
What is the thousands digit of 706652?
6
What is the tens digit of 25259196?
9
What is the units digit of 1081081?
1
What is the units digit of 32165?
5
What is the tens digit of 19626526?
2
What is the thousands digit of 8319799?
9
What is the hundred thousands digit of 29102737?
1
What is the hundreds digit of 35